ve of -g**5/60 + g**4/12 + g**3/6 - 76*g**2. Calculate d(2).
1
Let j(t) = 2*t**3 + 7*t**2 - 7*t - 21. Let u(g) = -g**3 - 4*g**2 + 4*g + 10. Let v(h) = -3*j(h) - 5*u(h). Determine v(0).
13
Let w(o) = -o**2 + 3*o - 1. Let u(g) = 2*g - 14. Let i be u(8). Determine w(i).
1
Let f(b) be the second derivative of b**6/120 + b**5/20 + b**4/24 - b**3/3 + 2*b**2 - 3*b. Let g(s) be the first derivative of f(s). What is g(-2)?
0
Let q(f) be the first derivative of 5/24*f**4 + 0*f - 1/6*f**3 - f**2 + 3. Let w(v) be the second derivative of q(v). What is w(2)?
9
Let r(g) be the first derivative of -g**4/4 + 5*g**3/3 + 5*g**2/2 - 2*g - 6. Give r(6).
-8
Let h(s) be the third derivative of -s**4/12 + s**3 - 3*s**2. Calculate h(6).
-6
Let g = 21 - 24. Let u(z) = -2*z**2 - 4*z + 1. Determine u(g).
-5
Let w(m) be the third derivative of -m**9/60480 - 7*m**6/720 + m**5/20 - 4*m**2. Let n(h) be the third derivative of w(h). What is n(0)?
-7
Let j(f) = -21*f + 10. Let t(a) = 7*a - 4. Let k(u) = -3*j(u) - 8*t(u). What is k(3)?
23
Suppose 0 = 2*m - 0*m + 2. Let a(d) be the third derivative of d**4/24 + d**3/6 - 17*d**2. Determine a(m).
0
Let j be (-27)/(-6)*4/3. Suppose -2*s - 4*d = -j, -3*s + 5*d = -s - 6. Let i(c) = c**3 - 2*c**2 - 3*c + 4. Give i(s).
4
Let j(o) = 5*o + 19. Let m be j(-3). Let y(g) = -g - 5. What is y(m)?
-9
Let v(d) be the third derivative of -d**4/8 - 7*d**3/6 - 3*d**2. Give v(-6).
11
Suppose -2*y + 9*s + 24 = 4*s, -4*s - 22 = -3*y. Let h(q) = -8*q - 1. What is h(y)?
-17
Let l(w) be the second derivative of w**3/2 - 5*w**2/2 - 6*w. What is l(4)?
7
Let a = 136 - 130. Let i(f) = f**3 - 7*f**2 + 5*f - 6. Give i(a).
-12
Let m(i) = -2*i**3 + 23*i**2 + i - 8. Let n(x) = -x**3 + 11*x**2 - 4. Let l(r) = -4*m(r) + 9*n(r). Let s = -5 - -11. Determine l(s).
8
Let k(g) = -g - g + g**3 + 10*g + 1 + 0 + 7*g**2. Give k(-6).
-11
Let s(j) be the third derivative of -2*j**2 + 0*j + 0 - 1/3*j**3 + 1/60*j**5 - 1/24*j**4. What is s(4)?
10
Let y(s) = 2*s + 5. Let q(h) = -h - 3. Let z(m) = -5*q(m) - 2*y(m). Let n be z(-7). Let d(i) = i**3 + i**2 - i + 1. Determine d(n).
-1
Suppose 3*q - 2*q = 3. Let w(x) = -x**3 - 9*x**2 - x - 6. Let a be w(-9). Let n(o) = -o**2 - 2 - 4*o**3 + 0*o**2 + 0 + 5*o**3 - a*o. Determine n(q).
7
Let g(f) = 4*f + 51 - 8*f - 45 - 2*f**3 + 3*f**3 - 3*f**2. Calculate g(4).
6
Let r(l) be the second derivative of 2*l + 0*l**3 + 1/4*l**4 + 0 - 1/20*l**5 + l**2. What is r(2)?
6
Let m be 3*(-2 - -1) + 4. Let d(y) = -5*y**2 + 1. Let g be d(m). Let t(i) = i**2 + 4*i + 4. Determine t(g).
4
Let o(f) be the second derivative of f**5/20 - 5*f**4/12 + 2*f**3/3 - f**2 - 52*f. Calculate o(5).
18
Suppose 5*j - 3*s = 30, -2*j + 3*s = 4*s - 12. Let v(c) = c**3 - 5*c**2 - 5*c - 1. Determine v(j).
5
Suppose x - 4*x - 2 = 5*k, 2*k = -2. Let v(t) be the second derivative of -t**5/20 + t**3/6 + 2*t. Let u(i) be the second derivative of v(i). Calculate u(x).
-6
Let v(p) = 4 + 18*p - 38*p + 21*p. Give v(-6).
-2
Let d(m) = -3*m**2 - 7*m - 9. Let j(o) = o**2 + o + 1. Let b(l) = -d(l) - 5*j(l). Suppose 0 = -7*y + 3*y + 12. Give b(y).
-8
Let k(p) = -38*p - 6. Let x(m) = 13*m + 2. Let j(u) = -3*k(u) - 8*x(u). Give j(-2).
-18
Let k be 11/3 - (-1)/3. Let c(t) = k + t**2 - t - t - t. Determine c(4).
8
Suppose 5*q + 0*q - 30 = 0. Suppose -5*w + 3*w = -q. Suppose -4*h - 4 = 2*c, -w*h + 0*h - 8 = 4*c. Let v(y) = y**3 - y + 1. What is v(h)?
1
Suppose 6 = 5*q - 4. Let y(n) = 2 - 13*n**3 - 2*n - 6 + 5*n**3 + 3 - 2*n**q. Let i be -3 - (-2 - 1) - 1. Give y(i).
7
Let a be (2/(-3))/((-2)/3). Let u(g) = 12*g**2 + 3*g**2 - g - 3*g**2 + 1 - 2*g**2. What is u(a)?
10
Let a(h) = -h. Suppose 0 = c - g - 5, 5*g = -4*c + 6 + 5. Suppose -4 = -2*k + 2*d - 3*d, 0 = c*k - 3*d - 28. Calculate a(k).
-4
Let t(h) = -10*h**2 - 1. Suppose 0 = 4*z - 1 - 11. Let b = 4 - z. Calculate t(b).
-11
Let y(z) = z**3 + 3*z**2 - 2*z + 2. Let o(m) = m - 8. Let f be o(6). Let v(a) = 2*a**3 + 3*a**2 - 2*a + 2. Let n(q) = f*v(q) + 3*y(q). Calculate n(3).
-4
Suppose -11 - 1 = -3*h. Suppose r = -h*r + 10. Let z(y) = -1 - y**2 + 0*y**2 + r*y**2. What is z(-1)?
0
Let v be (-3)/30*4*10. Let h be ((-3)/2)/(3/v). Suppose 2*j = h*c - 16, 2*j - 7*c + 24 = -3*c. Let p(w) = -w**3 - 3*w**2 + w - 5. Give p(j).
7
Let z(j) = -421 - 4*j + j**2 + 421. Calculate z(4).
0
Let v(r) = 6*r**3 + r**2 - 1. Let z = -12 + 16. Suppose 14 = 4*f - 2*f - 4*w, 0 = 4*f - z*w - 12. What is v(f)?
-6
Let g(y) = y**2 + 4*y + 2. Let q be g(-5). Let i(a) = -2*a**3 - 4*a**3 + 7 + q*a**3. Determine i(0).
7
Let d(z) = -41*z + 22*z + 20*z - 3. Determine d(9).
6
Let a = 45 - 36. Let i(k) = -k**2 + 12*k - 9. Give i(a).
18
Let t(x) = -x**2 + 5*x + 1. Let j be t(6). Let l(r) be the third derivative of -r**6/120 - r**5/15 + 5*r**4/24 + r**3 - 3*r**2. What is l(j)?
6
Let f(s) = s + 2. Let i(d) = -d**2 + 3*d + 6. Let h be i(5). Calculate f(h).
-2
Let w(o) = -2*o + 1. Let z be w(3). Let a(u) be the first derivative of 7/2*u**2 - 3 + 2*u**3 + 1/4*u**4 + 4*u. What is a(z)?
-6
Let h(f) be the third derivative of -7*f**4/24 - f**3/6 + 11*f**2. Calculate h(-3).
20
Let a(f) = -9*f - 6 - 2 - f**2 - 4. Let w be a(-8). Let t(d) be the third derivative of -d**4/8 - d**3/6 - 3*d**2. What is t(w)?
11
Let d(m) = 19*m**2 + 6*m + 5. Let j(g) = g**2 + g + 1. Let q(o) = d(o) - 5*j(o). Give q(-1).
13
Let h(d) = 2*d**3 - d. Let r(p) = p**3 + 4*p**2 - 6*p - 4. Let b be r(-5). Calculate h(b).
1
Let u(n) = 4*n**3 + 2*n**2 - 1. Let y = -4 - -6. Suppose y*i + 0*i - 11 = -3*j, 0 = 3*j - 5*i - 25. Suppose j = f + 4*f. What is u(f)?
5
Let m = 10 + -7. Let y(u) = 2*u - 4. Let r be y(m). Let g(p) = 4*p + 0*p - r*p. What is g(-1)?
-2
Let t(n) = -7*n - 2. Let b(k) = -k + 1. Let f(u) = -6*b(u) + t(u). Let r = 10 - 16. Calculate f(r).
-2
Let g(r) = -3*r - 3 + 3*r + r - 46*r**2 + 40*r**2 - r**3. Calculate g(-6).
-9
Suppose 3*n + 15 = -0*n. Let z(g) be the second derivative of g**4/12 + 5*g**3/6 - 2*g**2 - 8*g. Give z(n).
-4
Suppose -9 - 18 = 3*l. Let w = l - -11. Let i(b) = -b**2 + 2*b + 2 - 3*b**2 + 7*b**w - 4*b**2. Give i(3).
-1
Let q(g) = -g + 6. Suppose 4*y + 7 = 15. Suppose 2*s + y + 4 = -2*v, 2*v + 18 = 4*s. Let b be 0 + 1 + s/(-2). Calculate q(b).
6
Let y(h) = -h**3 + 3*h**2 + 6*h - 1. Let k = -28 + 46. Let i = 22 - k. Calculate y(i).
7
Let o be -1 - (1 + 1) - 1. Let j(q) = 2*q. Let l(y) = -y. Let d be 0 - (8 + -1 + -2). Let b(f) = d*l(f) - 3*j(f). Give b(o).
4
Let g(t) = t**2 + t - 4. Let b(u) = 2*u - 1. Let x be ((-2)/(-4))/(2/(-4)). Let h be b(x). Determine g(h).
2
Let q(s) = s**2 - s - 28. Let p be q(-5). Let y(w) = -3*w**3 + 2*w**2 - 1. Calculate y(p).
-17
Let c(t) be the third derivative of -t**4/12 + 2*t**3/3 - 26*t**2. Let k(p) = 2*p. Let u be k(3). What is c(u)?
-8
Let a(h) be the second derivative of h**4/12 - 2*h**3/3 + 32*h. Let k(g) = -g + 0 + 2*g + 11. Let o be k(-6). What is a(o)?
5
Let k be -3*(-1)/(1 - 0). Let m(c) = -k - 2 + 5 - 1 + c. Suppose 4*d - 2*d = -2. Calculate m(d).
-2
Let a(o) = -o**2 + 3*o + 1. Let v be a(3). Let i be (-10 - (1 + v))/(-2). Let h(j) = j**3 - 7*j**2 + 6*j - 4. What is h(i)?
-4
Let s(d) = d - 3. Let u be (2 + 0)/(-4)*2. Let o be u - -3 - -1*1. Give s(o).
0
Suppose 3*t + 4 = 2*n + 2*t, 5*t = 5*n - 15. Let p(l) = -l**2 + 2*l - 1. Calculate p(n).
0
Let o(v) = 11 + 2*v**2 + 1 - v**2 + 6*v + 4*v. What is o(-8)?
-4
Suppose -3*i = -15, i - 4*i + 27 = -3*d. Let h(p) = 4*p + 3. What is h(d)?
-13
Suppose 0 = 4*r - r + 2*p - 4, -r - 2*p = 0. Let g be ((-1)/r)/(1/(-4)). Let k(z) = -z**3 + 5 + 0*z**3 + 0*z**2 + z**g. What is k(0)?
5
Let j(m) be the first derivative of 2*m**3/3 - m**2/2 + m - 3. Let z be 1 - (1 - 2/2). What is j(z)?
2
Let g(q) = q + 10. Let p(l) = -l**2 - 8*l + 4. Let z = -22 - -13. Let d be p(z). Give g(d).
5
Let h(x) be the first derivative of x**2 - 3 + 4 - 1 + 6 - 2*x. Give h(5).
8
Let m(z) = -z**2 + 5*z - 2. Suppose -12*p = -22 - 26. Give m(p).
2
Let v(x) = x**2 - x - 2. Suppose 5*k + 3*w + 7 + 3 = 0, 5*w = 0. What is v(k)?
4
Suppose 4*l = 0, -m + 3*m = 4*l + 8. Let i(b) = b - 2. Determine i(m).
2
Suppose 4*z + 2*k = -0*z + 22, 0 = -k + 5. Let c(b) = b**2 + 4 - 3 - 6*b - 3. Let o(d) = 2*d**2 - 6*d - 1. Let h(m) = z*c(m) - 2*o(m). Calculate h(-5).
1
Let k(m) be the third derivative of 1/12*m**4 + 1/60*m**5 - 1/120*m**6 + 0*m**3 + 9*m**2 + 0*m + 0.